 3*x**2 + 2*x - 2. Suppose 0 = 19*o - 15*o + 212. Let g = o - -51. Calculate f(g).
-2
Suppose 3*n + 41 = -5*u, -5*u + 0*u - 5*n = 45. Let b(o) be the second derivative of o**4/12 + 3*o**3/2 - 2*o - 16. Determine b(u).
-14
Let c = 0 - -12. Suppose 4*k + c = 7*k. Let n(m) = m**3 + 8 + 0*m**3 + 5*m + 0*m**3 - k*m**2 - 3*m**2. Calculate n(6).
2
Let o(j) = -2*j**3 + 3*j**2 - j + 2. Let l be (5/2)/(2/20). Let z = l + -31. Let q be (11 + z)*2/5. Give o(q).
-4
Let a(b) = -3*b - 16. Suppose 4*z = -0*r - r - 15, 2*z + 32 = -4*r. Let s be a(r). Let c(h) = 3*h**2 + h**3 + 6*h**2 - 3*h + 0*h**3 + 1 - s*h**2. Give c(-4).
13
Let o(m) = -4 - 3*m + 3*m**3 - 958*m**2 + 954*m**2 + 3 + m**3. Calculate o(-2).
-43
Let y(w) = 2 - w - 1410*w**2 + 7*w + 1413*w**2. Give y(-2).
2
Let a(o) = -o - 1. Let n(l) = -4*l - 1. Let z(r) = 7*a(r) - 4*n(r). Give z(3).
24
Let t(n) = -n**3 + 13*n**2 - 13*n + 18. Let a(q) = q**3 + 11*q**2 - 11*q + 13. Let p be a(-12). Let v be (p/(-2))/((-12)/288). Give t(v).
6
Let n be (-9)/(-1)*(0 - -1). Let i(z) = z - 17. Determine i(n).
-8
Suppose -14 = -2*f + 2. Suppose 0 = 3*d + 26 - f. Let j(x) = -7*x**2 - 17*x + 3. Let y(h) = -4*h**2 - 9*h + 1. Let l(c) = -3*j(c) + 5*y(c). What is l(d)?
-4
Let a(f) = -f**3 + 8*f**2 - 7*f + 3. Suppose 5*c + 5*g = -40, -3*c - 3*g - 2*g = 30. Let n(y) = y**2 + 7*y + 17. Let q be n(c). Calculate a(q).
3
Let x(r) = r**2 + 2*r - 3. Let g(d) = -d**2 - 2*d + 3. Let h(a) = -6*g(a) - 5*x(a). What is h(-4)?
5
Let b(v) = -2*v - 8. Let f = 128 - 126. Suppose -f*w + 7*w = -40. Calculate b(w).
8
Let o(n) = -4*n - 93. Let x be o(-23). Let l(m) = -6*m + 1. Give l(x).
7
Let l(q) be the third derivative of -q**6/120 + q**5/20 + q**4/8 + q**3/3 - 22*q**2 - 4. Give l(4).
-2
Let b(l) = 2*l - 1. Suppose 0 = 2*t - 9 - 1. Let x be -5*(-1 + (-12)/t). Let j = x + -14. Determine b(j).
5
Let h(w) = -3*w + 4*w + 9 - 6*w**2 - 10 + 4*w**2. Calculate h(5).
-46
Let l be 2/4*2*-5. Let h = -2 - l. Let w(u) = -6*u - 4 - h*u**2 + 2 - 4*u**2 - u**3. What is w(-6)?
-2
Let x(u) = u**3 + 2*u**2 - u + 4. Let j(w) = -2*w**2 - 33*w - 16. Let o be j(-16). Suppose -5*a - 11 = 2*s, -2*s + s + a - 2 = o. What is x(s)?
-2
Let c be 31/(-4) + 2/(-8). Let u be (-6)/c + (-12)/16. Let n(y) = -21*y + 20*y + u + 0. Give n(-3).
3
Let y(q) be the third derivative of -q**6/120 + q**5/60 - q**4/24 + q**2. Let k be (24/40)/((-2)/10). Let v be (28/6)/7*k. Give y(v).
14
Let g(j) be the third derivative of -j**7/420 - j**4/24 + j**3/3 - 4*j**2. Let n(r) be the first derivative of g(r). Determine n(1).
-3
Let q = -34 + 33. Let h = 3 - q. Let p(j) = j - 1. Calculate p(h).
3
Let a(u) be the second derivative of -u**4/12 + 17*u**2/2 + 74*u - 2. Calculate a(0).
17
Let t(u) = -u**3 - 4*u**2 - 1. Let b = -378 - -374. Determine t(b).
-1
Let c(o) = 6*o + 4*o - o - 1. Let h(v) = v**3 + 19*v**2 + 18*v + 1. Let p be h(-18). Calculate c(p).
8
Let h = 427 - 423. Let y(u) = u**2 - u - 9. Determine y(h).
3
Let k(u) = -4*u**3 + u + 2. Let p = 33 + -28. Suppose -3*x = -2*x + 5*l + 13, -p*x + 16 = -2*l. Calculate k(x).
-28
Let h(x) = 263*x + 22 - 520*x - 8 + 259*x. Give h(-7).
0
Let d(j) = j**2 - 2*j + 2. Let i be d(1). Let m(o) = -5*o**3. Calculate m(i).
-5
Let q(b) = 5*b**2 + 1. Let u(m) = 20*m**2 + m + 4. Let l(d) = 9*q(d) - 2*u(d). Suppose 3*k + 0 = 3. Calculate l(k).
4
Let f be ((-150)/(-60))/(3/6). Suppose 0 = 2*w - 2*t, -3*w = -2*w + t - 4. Let j(n) = -8*n + 6 + n**3 + 0*n**2 - 2*n**2 - w*n**2 + 0. Calculate j(f).
-9
Let g(y) = -2*y**2 + 4*y - 3. Suppose 0 = -54*p + 65*p - 22. What is g(p)?
-3
Let o(j) be the first derivative of 27 - 3*j**2 + 1/3*j**3 - 10*j. Determine o(7).
-3
Let k(u) be the second derivative of -u**5/20 + 17*u**4/12 + 8*u**3/3 + 41*u**2/2 - 75*u. Calculate k(18).
5
Let s(n) = n - 1. Let y = 7 - 5. Suppose 16 = y*v - 4*c - 2, 4*c + 17 = v. Give s(v).
0
Let x(q) = -q**3 + 8*q**2 + 9*q - 6. Let r = 78 + -74. Suppose -20 - 16 = -r*z. Determine x(z).
-6
Let a = -355 - -359. Let p(x) = x**3 - 3*x**2 - 5*x + 3. Calculate p(a).
-1
Let w(q) = -q**3 + 5*q**2 - 4*q + 3. Suppose j + g = -g + 10, 0 = -2*j + 4*g - 4. Calculate w(j).
3
Let h(u) be the second derivative of -u**5/20 + 23*u**4/12 - 23*u**3/6 + 13*u**2 - u. Let i be h(22). Let v(x) = -x**2 + 3*x - 4. What is v(i)?
-8
Let o(i) = -2*i + 5. Let v = 28 - 28. Suppose -5*n - 3*q - 15 = v, n = q - 2 + 7. Suppose n = 2*c - c - 4. Give o(c).
-3
Let q be (4/6)/(-3*(-8)/180). Let n(d) = 11 - 2*d + 5*d**2 + 6*d - q*d - 4*d**2. What is n(0)?
11
Suppose -2*f = 5*r - 15, -2*f + 4*f + 2*r - 6 = 0. Suppose f = 8*i - 5 - 43. Let j(h) = 4*h - 3 - i*h + 5 + 2. What is j(7)?
-10
Let w(g) = -3*g**3 + 12*g**2 - 18*g + 10. Let i(b) = -b**3 - b**2 - 2*b - 1. Let a(h) = -2*i(h) + w(h). Give a(13).
-1
Let c(q) be the second derivative of 0 - 1/6*q**3 - 1/20*q**5 - 1/2*q**2 + 21*q + 1/4*q**4. Determine c(3).
-4
Let u(s) be the third derivative of 10*s**2 + 4/3*s**3 - 11/60*s**5 - 1/120*s**6 + 0*s - 3/8*s**4 + 1. Calculate u(-10).
-2
Let z(r) = -3*r + 15. Let s = -247 - -252. Give z(s).
0
Let s = -67 + 70. Let k(f) = 30 - 59 + 3*f**2 + s*f + 31. Determine k(-3).
20
Let m(x) = 3*x - 12. Let u(p) = -2*p + 11. Let z(q) = -3*m(q) - 4*u(q). Let w = -1998 + 1998. Give z(w).
-8
Let j(g) = g. Let u = 14 + 0. Let q be (u/(-35))/((-1)/5). Suppose 3*p + 4 = -p, -2*l - q*p = 10. Calculate j(l).
-4
Suppose 16 = 7*y - 26. Let q(j) = -9*j**2 + 11*j + 11. Let s(f) = 4*f**2 - 5*f - 5. Let m(i) = y*q(i) + 13*s(i). Give m(2).
-5
Let u be 1/2 - 7/2. Let b(t) = 2*t. Let l be b(u). Let r(k) be the second derivative of -k**5/20 - 5*k**4/12 + k**3 - 3*k**2/2 + 11*k. Determine r(l).
-3
Suppose -9*q + 11*q = 466. Let c(j) = 12 - q*j**2 + 233*j**2 + j**3 - j. Let x = 12 + -12. Calculate c(x).
12
Let z = 569 + -575. Let k(q) = q**3 + 7*q**2 + 2*q - 22. Calculate k(z).
2
Let v(u) be the second derivative of 5*u**3/6 - 9*u**2/2 + 265*u. Suppose 8 = 3*p - 10. Determine v(p).
21
Let b(a) be the third derivative of a**5/60 + 7*a**4/24 + 5*a**3/6 + 64*a**2 + 6*a. Let x = 5 - 9. Determine b(x).
-7
Let z(w) be the third derivative of 2*w**4/3 + w**3/3 - 4*w**2 - 15. Give z(2).
34
Let k(b) be the third derivative of b**4/24 + b**3/6 + 5*b**2. Let g be 1/2*1*-2. Let r be (6 - 0)*g + 2. What is k(r)?
-3
Let p = -144 + 144. Let g(x) be the third derivative of 0*x - 3*x**2 - 1/24*x**4 + 0 + p*x**3 - 1/30*x**6 + 0*x**5. What is g(1)?
-5
Let h be ((-16)/168*-7)/1. Let t(v) be the second derivative of -1/4*v**4 + 0 - h*v**3 - 6*v + 0*v**2 + 1/20*v**5. Determine t(3).
-12
Let l(x) be the third derivative of -x**5/60 - x**4/3 + 2*x**3 + 2*x**2. Determine l(-8).
12
Suppose -4*v + 19 - 3 = 0, 34 = 2*a - 5*v. Suppose -3*m + 24 = -2*s + 8, m - 5*s = a. Let g(b) = -2*b**2 - b - 3*b**2 + 2 + b**m + b**2. Calculate g(-2).
-8
Let x(o) = -o**3 + o**2 + o - 1. Let y(u) be the first derivative of -1 + 10/3*u**3 - u**4 + 0*u + 5/2*u**2. Let l(a) = 5*x(a) - y(a). Give l(-5).
-5
Let j(a) be the third derivative of -a**8/6720 - a**7/1260 - a**5/120 - 23*a**4/24 + 13*a**2. Let t(q) be the second derivative of j(q). Determine t(-2).
-1
Let i(n) = 2*n**2 - 3*n + 2. Let k be 4*1 - (-53 + -5). Let d = -60 + k. What is i(d)?
4
Let y(s) = -s**3 - 3*s**2 + s - 2. Let g(o) = 6*o**2 + o - 1. Let v be g(1). Suppose -v = -d + 3*d. What is y(d)?
-5
Let o(g) be the first derivative of g**3/3 - g**2 - 3*g - 75. Let s = -7 - -11. Give o(s).
5
Let s(g) = g - 1. Let u(a) = -a. Let i = 14 - 13. Let z(m) = i*s(m) + 4*u(m). Give z(-1).
2
Suppose -8 = -3*j - 2. Suppose -5*w - 2*q = -9, -w + q + 2*q + 12 = 0. Let s(i) = i - 2*i + w*i**2 - 2*i + i. Determine s(j).
8
Suppose v - 5*v = 2*k + 14, 4*k + 13 = -3*v. Let m(f) be the third derivative of 6*f**2 - 1/6*f**3 + 0*f + 0 + 7/120*f**6 - 1/60*f**5 - 1/12*f**4. Give m(k).
-7
Let l(u) = -u - 1. Let o be l(6). Let g(m) be the first derivative of 72 - m - 1/2*m**2. Calculate g(o).
6
Let v(g) = 5*g - 13. Let q = -2795 + 2803. Determine v(q).
27
Let x(z) = -z**3 + 28*z**2 - 75*z + 6. Let f be x(25). Let v(l) = l**3 - 6*l**2 + 2*l + 6. Calculate v(f).
18
Let j(x) = -x**2 - 7*x - 6. Let k be j(-8). Let w = k + 13. Let q(m) = -9*m**3 - m**2 - m. Give q(w).
9
Let z(c) be the second derivative of c**4/24 + 4*c**3/3 + 3*c**2/2 - 4*c. Let v(u) be the first derivative of z(u). Let a be (